k(-5). Let y(b) = n*g(b) + w*v(b). Determine y(0).
-8
Let h(y) be the third derivative of -y**6/120 - y**5/15 + y**4/8 + 5*y**3/6 + 141*y**2. Calculate h(-5).
15
Let t(g) = 12*g. Let j be (7 - 574/84) + 11/6. What is t(j)?
24
Let v(j) be the third derivative of 0*j**3 + 0*j - 8*j**2 + 1/60*j**5 + 0 + 1/12*j**4. Let i be ((-6)/2)/(-1 + 2). What is v(i)?
3
Let o(k) be the third derivative of -k**4/24 + k**3/2 + 11*k**2. Let h be o(-4). Let t(w) = w**2 - w**3 + 6*w**2 - 10 + w + 2. Determine t(h).
-1
Suppose 4*l + 3 - 3 = 0. Let w be (-8)/2 - -5 - l. Let q(a) = 3*a**2 - a + 2 - 1 + 6*a**3 - 2*a**2. Calculate q(w).
7
Let v be -2 - (0 + (0 - 1)). Let o(q) = 5*q**3 - 2*q**2 + 1. Let d be o(v). Let h(p) = p - 1. Give h(d).
-7
Let o(r) = 0*r**2 + r - 97 - r**2 + 79. Suppose 3 = -9*x + 3. Determine o(x).
-18
Let z(w) be the first derivative of -w**2 + 6*w + 1. Let a = 2 + -11. Let s(u) = -u - 4. Let c be s(a). Determine z(c).
-4
Let j(w) = -w + 3. Let i be -2 + 3 + 0 + 0. Let y = 3 - i. Let l be (-5)/(-2) - y/(-4). Give j(l).
0
Let d(s) = -19*s**3 - 9*s**2 + 7. Let t(z) = 29*z**3 + 14*z**2 - 11. Let v(u) = 8*d(u) + 5*t(u). Give v(-1).
6
Let q be 1605/80 + (-8)/128. Let u(y) = y**3 - 21*y**2 + 21*y - 22. Give u(q).
-2
Suppose 0 = -b - 597 + 608. Let g(f) = f - 8. What is g(b)?
3
Let c(x) = 4*x - 3. Let u be 18 + -12 + (-6)/2*1. Suppose u*q = -4 - 5. What is c(q)?
-15
Let d be (8 + -8)/((-1)/(-1)). Let t(k) = -2*k + d*k + 11*k + 5 + k**2 + 1. Calculate t(-8).
-2
Let d(p) = p**2 + 4*p - 1. Let t be 2*(15/(-6) - 0). Give d(t).
4
Let a(b) be the second derivative of 5/6*b**3 - 1/20*b**5 - 5/12*b**4 + 0 - 7*b - 4*b**2. What is a(-6)?
-2
Let q(r) = -r**2 - 3*r - 6. Suppose -4*b = 60*b + 256. What is q(b)?
-10
Let m(z) = -14*z**2 + 38*z - 15. Let r(j) = -5*j**2 + 13*j - 5. Let q(s) = 4*m(s) - 11*r(s). Determine q(7).
9
Let d(v) be the first derivative of 1/5*v**5 + 0*v**3 + 10*v - 8 + 0*v**2 - 1/12*v**4. Let r(c) be the first derivative of d(c). Calculate r(-1).
-5
Let h(b) be the second derivative of b**4/12 + 2*b**3/3 - 7*b**2/2 - 2*b + 59. What is h(-6)?
5
Suppose -4*g - 5*x = 23, 4*g = 2*g - 3*x - 13. Let z(p) = p**2 - p + 1. Give z(g).
7
Let w = -38 + 50. Let t be (20/(-8))/((-5)/w). Let m(x) = -x**3 + 5*x**2 + 6*x + 7. Give m(t).
7
Let h(v) = -3*v + 6 + 13 + 5*v - 11 - v**2. Let q be h(4). Let n(y) = q + 5 + 2 - 3 - y. Calculate n(-5).
9
Let r be (1 - 0) + 0 + -6. Let v(o) = -o**3 + o**2 - 2*o + 4. Let s(m) = -7*m**3 + 2*m**2 - 11*m + 30. Let h(u) = s(u) - 6*v(u). Determine h(r).
26
Suppose -6*q - 12 = -8*q. Let y(u) be the first derivative of u**2/2 + 2*u + 14. Determine y(q).
8
Let b(t) = 4*t**2 - 3*t + 2. Let k be -3 + 6 + 9/3. Let g(z) = 6 + 5 + 6*z - 3*z + k. Let i be g(-5). Determine b(i).
12
Let f be 18*4/72*6. Let v(o) = f*o + 0*o - 2 + o - 10*o**3 + 5*o**2 + 9*o**3. Calculate v(6).
4
Let x(g) = 1226*g - 2444*g + 1203*g. Calculate x(1).
-15
Suppose -5*w - 2*k - 3*k + 85 = 0, 3*w - 49 = -2*k. Suppose 3*r - w = 3*q - 6, 2*r = 10. Let a(g) = g**2 - 4 + 2*g + 2*g - g + q. What is a(-4)?
2
Let q(l) = l**2 - 11*l + 3. Let n be 1/4*-3 - (-19598)/328. Suppose n = 9*c - 31. Determine q(c).
-7
Let z be ((-2)/3)/(3/(-8 + -1)). Let j(i) = -i**2 - z*i + 9 + 8 - 12. Determine j(-4).
-3
Let f(r) be the second derivative of 2*r**3/3 + r**2 + 23*r - 2. What is f(-2)?
-6
Let g(f) = -11*f - 26. Let y(r) = -11*r - 30. Let x(p) = 6*g(p) - 5*y(p). Calculate x(6).
-72
Let y(i) = -i**3 - 9*i**2 - 10*i + 3. Suppose 2*p + 42 = -4*p. Give y(p).
-25
Suppose -50*a + 53*a = -12. Let m(z) = -5*z - 5*z**2 - 7*z**3 - 2 + 6*z**3 + z. Give m(a).
-2
Let u(d) = -d**3 + 11*d**2 - 10*d + 2. Let y = 33 + -23. Let m be u(y). Let w(s) = 0 - s - m*s + 3. Give w(3).
-6
Let h(y) = -y - 1. Let p(m) = -m**3 - 7*m**2 + 16*m - 13. Let g be p(-9). Let o(c) = -12*c**2 + 4*c + 5. Let k(l) = g*h(l) + o(l). Calculate k(-1).
-11
Let a(z) = -3*z - 4*z + 6*z + 3*z + 3 - z**2 + 0*z. Give a(3).
0
Let a(i) = i**2 + 5*i + 7. Suppose -31*v = -26*v. Suppose v = -w - w + 8. Suppose -10 = -u + 3*b, -w*u - 2*b + b - 25 = 0. Determine a(u).
7
Let k(d) = d**3 - 3*d**2 + d + 3. Let s(r) = -r**2 - 10*r + 33. Let h be s(-12). Suppose z = 3*x - 8 - 1, -5*x = 2*z + 7. Let g = z + h. What is k(g)?
6
Let k(r) = 3*r**3 - 3*r - 4. Let x be k(-1). Let d(p) = p**3 + 3*p**2 - 5*p - 9. Determine d(x).
-5
Let j(p) = -p**3 + 10*p**2 - 4. Let m be j(10). Let w(a) = -10*a - 5. Let n(l) = -5*l - 2. Let c(y) = -5*n(y) + 2*w(y). Determine c(m).
-20
Suppose 11*s - 50 = 27. Let j(b) = b**2 - 6*b + 3. Determine j(s).
10
Let s(b) = 2*b + 47 - 45 - 22 - 4*b - 19*b - b**2. What is s(-20)?
0
Let b(r) be the first derivative of r**2/2 + 5*r - 8. Let z be b(-3). Suppose 5 = -z*s + 5*t + 32, 4*t = -2*s. Let k(n) = -n**2 + 8*n - 5. Give k(s).
7
Let c(u) be the second derivative of -u**4/12 - u**3 + 11*u**2/2 - 31*u. Give c(5).
-44
Let u(y) = 3*y - 16. Let x be (0 + -5)*(2 - 3). Let i be u(x). Let d(h) = -3*h**3 - 1. Give d(i).
2
Suppose -9*z = 1 - 1. Let h(f) = 14*f + 10. Let k(m) = 5*m + 3. Let y(g) = 6*h(g) - 17*k(g). What is y(z)?
9
Let k(j) = j**2 + j - 7. Suppose -452*m + 12 = -448*m. Calculate k(m).
5
Let b = 51 - 49. Let u(z) = -z**3 - 5*z**2 + 2*z + 3. Let h(l) = l**3 + l**2 - 1. Let c(p) = b*h(p) + u(p). Calculate c(2).
1
Let s(c) = -c**2 - 17*c - 58. Let v be s(-5). Let l(d) = -10*d - 14. Let j(o) = 3*o + 5. Suppose 14 + 0 = 2*a. Let b(x) = a*j(x) + v*l(x). What is b(0)?
7
Let n(d) = -d**3 + 17*d**2 - 30*d + 4. Let m be n(15). Let v(u) = -u**2 + 6*u + 3. Give v(m).
11
Let b(v) = 8*v - 7*v - 117 + 122. What is b(-6)?
-1
Let t(n) = 2*n - 191. Let o(k) = k - 104. Let i(c) = 11*o(c) - 6*t(c). Let g be (0 - 6/7)*-7. Let d = g - 0. What is i(d)?
-4
Let l(b) = 2*b - 22. Let w(j) = 1. Let p(x) = -l(x) - 5*w(x). Determine p(9).
-1
Let u(l) = 84*l + 77. Let b be u(-1). Let r(i) = -i**3 - 8*i**2 - 7*i - 14. What is r(b)?
-14
Let a(y) = 8*y**3 + 2*y + 5. Let d(q) = -35*q**3 - 8*q - 22. Let u(l) = -9*a(l) - 2*d(l). What is u(-1)?
3
Let b(r) be the second derivative of -1/24*r**4 + 0*r**2 + 1/120*r**5 + 1/3*r**3 - r + 0. Let a(t) be the second derivative of b(t). Give a(-1).
-2
Suppose 0 = 2*a + 4, 3*a + 2*a = 2*l - 14. Suppose 4*o - l*i + 50 = 0, -2 = -4*i + 18. Let y(k) = k**2 + 9*k - 13. Give y(o).
-3
Let k be 2*1*(198/44 - 6). Let o(m) = -6*m**2 + 5*m + 2. Calculate o(k).
-67
Suppose 5*a - 12*a = -581. Let r = a - 82. Let x(u) = -8*u + 1. What is x(r)?
-7
Let s(l) = -10*l + 9*l - 1 + 2*l**2 + 3*l**3 - l**2. Let u be ((-4)/(-6))/((-2)/3). Calculate s(u).
-2
Let i = 38 - 9. Let q(r) = -18*r + i*r + 4 - 4. Determine q(-1).
-11
Let q(c) = c**2 + 9*c - 12. Let g(b) = -b + 2. Let n(x) = 5*g(x) + q(x). Determine n(-5).
3
Let w be 6 + 0/(-1 + -2). Let p = w + -7. Let m(h) be the first derivative of 3*h**2/2 + h + 27. What is m(p)?
-2
Let c(b) be the third derivative of b**4/12 + b**3/6 + b**2. Let l = 27 + -23. Suppose -3*r + 1 = l. Calculate c(r).
-1
Let i be ((-2)/1)/((-6)/15). Suppose 0 = 4*k - i + 1, 2*w + 18 = 4*k. Let f(r) = -5*r + 39. Let g(a) = 2*a - 13. Let t(v) = -3*f(v) - 8*g(v). What is t(w)?
-6
Let z be 56/26 + ((-63)/(-13) - 5). Let m(d) = -9*d - z*d - 8*d + 20*d. Give m(5).
5
Let n(k) = -k - k + 0*k + 2. What is n(-2)?
6
Let p = 36 - 30. Let z(o) = -4 + 4*o**2 + o**3 - p - o + 17. Determine z(-5).
-13
Let f(s) be the first derivative of -s**2/2 - 5*s - 188. What is f(-9)?
4
Let i(u) = -897 + 1801 - 901 + u**2 - 6*u. Determine i(7).
10
Let o(m) be the second derivative of m**5/24 + m**4/24 - 4*m**3/3 - 11*m. Let b(q) be the second derivative of o(q). Give b(1).
6
Suppose -3*n = -3*c - 9, -2 = -4*c + 3*n - 17. Let s(z) = z**2 + 8*z + 13. What is s(c)?
1
Let g(c) = -c**2 + 6*c - 8. Let p be (-812)/(-126) - 16/36. Calculate g(p).
-8
Let n(d) = -9*d**3 - d**2 - d - 1. Let f = -4 - -8. Let i = f + -2. Suppose -3*z + 5*p + 1 = p, -i*z = -2*p. Give n(z).
8
Let y(l) = -14*l + 13. Let q(w) = 3*w - 4. Let r(x) = 11*q(x) + 2*y(x). What is r(5)?
7
Let u = -11 + 15. Let z(t) = t**3 + 0*t**3 - u*t - 1 + 6*t + 5*t**2. Suppose -809*i + 806*i = 9. Give z(i).
11
Let v(p) = -9 - 3*p + 41 - 16 + 0*p - 8. Give v(5).
-7
Let l(b) be the third derivative of b**4/24 - 7*b**3/3 + 79*b**2 + 2. Give l(0).
-14
Let o(g) = -11*g**3 - 43*g**2 + 10*g - 44. Let j(s)